= f, 5*w + 112 = 3*o. Let s = -7 + o. Is s composite?
False
Let l = -2432 - -4285. Suppose m + 1857 = 5*o, -3*o - 2*o = m - l. Is o prime?
False
Let j = 94 + -66. Suppose -4*n + 8 = -v, -19 = -4*v - 3. Suppose x + n*d - j = 55, 0 = -x + 4*d + 83. Is x prime?
True
Let v be (3/4)/((-12)/(-48)). Suppose v*z - 5132 = -b, -5*z - 3*b = -4*b - 8556. Is z a prime number?
False
Suppose h - 5*h + 24 = 2*g, h = 4*g - 12. Suppose -h*o = -2*i + 406, -3*o = -i - 6*o + 223. Is i prime?
True
Suppose -9*o + 4*o = -5335. Suppose 713 + o = 4*r. Is r prime?
False
Let u(t) = t - 2. Let w be u(-9). Let r = 16 + w. Is (-1)/r - (-456)/5 composite?
True
Let k(i) = 13*i. Let t(w) = 3*w. Let r(x) = 2*k(x) - 9*t(x). Let z be r(2). Let g = 64 + z. Is g a composite number?
True
Let x(o) be the second derivative of o**4/12 + 3*o**3/2 - o**2/2 - 5*o. Let s(f) = -5*f**2 - 46*f + 4. Let y(j) = 2*s(j) + 11*x(j). Is y(9) a prime number?
False
Let k be (-20)/(-70)*(7 - 0). Let h be (-1 + 2)*(313 - 5). Suppose k*t = -5*v + h, -2*v - 2 = 2. Is t a prime number?
False
Let a(z) = -z - 8. Let r be a(-12). Suppose -3*t = -0*t - 5*d + 19, 4*d - 28 = -r*t. Suppose 0 = -0*f - f + t*k + 131, 0 = 3*f - 2*k - 409. Is f prime?
True
Suppose u - 3*s - 1672 = -u, 2*u - 1700 = -4*s. Is u prime?
False
Suppose -c + 6735 = -5534. Is c a prime number?
True
Suppose l = 3*l - m - 1, 1 = -l + 2*m. Let r(k) = 307*k**2 + k - 1. Is r(l) a composite number?
False
Suppose -a - 5*f + 4 = -11, 0 = -5*a + 5*f - 15. Suppose u - 5*y + 7 = -1, a = -3*u + y + 32. Is (0 + 28)*21/u a prime number?
False
Let a be -3 + 36*3/2. Suppose -v + 3*i = -23, 72 + 24 = 5*v + 4*i. Let q = a - v. Is q prime?
True
Let d = 3639 + 1022. Is d a prime number?
False
Suppose -2037 = o + 3*p + 8094, 5*o - 3*p = -50637. Is 3/9 + o/(-18) a prime number?
True
Let z = 121 + -118. Suppose -9*f = -5*f + 2*k - 34418, -z*f - k = -25812. Is f a prime number?
False
Suppose 12 = -3*h, -9*c + 3*h + 6437 = -4*c. Is c composite?
True
Let w = 28 + -10. Let j = w + -14. Suppose 5*u - 4*c = -3*c + 810, -c = -j*u + 647. Is u composite?
False
Suppose 2*l - 106520 = -3*i, 4*i = 2*l - 98638 - 7854. Is l prime?
False
Let r(i) = -i - 4. Let h be r(-7). Suppose -3*g + 231 = h*p, -2*g - 308 = -4*p + g. Is p a composite number?
True
Let r = 10 - 6. Suppose r*z - 464 = -0*z. Suppose 0 = -4*g - 5*f + 293, -3*g + 95 = 2*f - z. Is g composite?
False
Suppose 2*m + 335 + 2008 = w, 3*w + m = 7001. Is w a prime number?
False
Let o = 21798 + -4661. Is o a composite number?
False
Let s = -14 + 15. Suppose -d + 4 = s. Is (-16)/(-4 + d) + -2 composite?
True
Suppose 25*t - 252804 = 21*t + 2*g, 3*t + 4*g = 189581. Is t prime?
True
Let a(l) = 88*l**3 - l - 1. Is a(2) composite?
False
Suppose 2768 + 17721 = r + 4*j, -j - 61428 = -3*r. Is r a prime number?
True
Suppose 0 = -2*n - 9 - 3. Let h be (-280)/(-12) - 4/n. Is -987*4/h*-2 a composite number?
True
Suppose 0 = 3*a + 2*a - 4*a. Suppose 4*n - 3*p - p - 1592 = a, -3*n + 1199 = -2*p. Is n a composite number?
True
Suppose -f = -y - y - 14, 29 = f - 5*y. Let z(l) = 1566*l + 12. Let m be z(1). Suppose -m = -2*o + g, -2972 - 172 = -f*o - g. Is o prime?
True
Let f(n) = -17*n - 11. Let a(v) = -9*v - 5. Let x(m) = -5*a(m) + 2*f(m). Is x(6) composite?
True
Suppose -3143 = -s - 4*i, 5*i - 73 + 53 = 0. Is s a prime number?
False
Suppose -2*l + 4*v + 4 = 0, 2*l + 0*l = 2*v + 2. Suppose 0 = 4*y + 3*p - 5927, l = -y + 3*y + 2*p - 2964. Is y a composite number?
False
Let d(w) = w**3 - 5*w**2 + 5. Let r be d(5). Suppose y + 3*z = -2*y + 3165, r*y - 5*z = 5315. Is y composite?
True
Let r be 4*(-2)/(-14) + 81728/56. Let z(y) = -44*y + 8. Let s be z(-6). Suppose 5*u - r = -5*d - 0*d, 3*u + s = d. Is d prime?
False
Let v(t) = -3371*t + 145. Is v(-14) prime?
True
Suppose -4*j = -5*l + 30, 0*l = -4*l - j + 3. Suppose x - 12 = -l*x. Suppose x*s = -4*o + 192, -o - 2*s + 19 = -24. Is o composite?
False
Let m(n) = n + 11. Let l be m(-8). Suppose -s + 168 = l*s. Let w = -19 + s. Is w a composite number?
False
Suppose 6*b + 4080 = 25002. Is b a prime number?
False
Suppose 0 = -w - 2*w + s + 21323, -4*w - 5*s = -28456. Is w a composite number?
False
Let f = 55923 - 27880. Is f prime?
False
Let k(w) = -w**2 - 11*w - 13. Let m be k(-9). Suppose -2*g - 4*f - 60 = -m*g, 2*g + 5*f = 40. Let x = g + 38. Is x prime?
False
Let g = -354 + 120. Let w = g + 1487. Is w a prime number?
False
Let p be ((-3)/3*-3)/(6/56). Is (-4)/14 + (84512/p - -1) prime?
True
Let q be 15/2 - 3/(-2). Let m = q - 3. Is (m/(-4))/((-30)/3260) a composite number?
False
Suppose -1 - 4 = -d - 5*y, 0 = -2*d + 5*y + 10. Suppose 175*m - 169*m - 30 = 0. Is 638/d + (-3)/m a composite number?
False
Let d = -10 + 14. Suppose 0 = 5*x + s + 4*s + 5, x = -5*s - 21. Suppose x - 152 = -d*g. Is g composite?
False
Let q(n) = -38*n**2 - 7*n + 4. Let x be q(4). Is -1 - x*(0 - -2)/2 prime?
True
Let o = -84 + 89. Let p(b) = 4 + 13*b - 7*b + 20*b. Is p(o) prime?
False
Let m = -16 - -26. Let j = m - 58. Let r = 103 + j. Is r a composite number?
True
Let i be ((-4)/(-6))/(4/18). Suppose -6 = -2*n + i*y, -n - y - 2 = -2*n. Suppose n = -5*z + 4*w + 1963, w + w + 4 = 0. Is z a prime number?
False
Is (-10)/((-140)/(-40453))*-2 prime?
True
Let b = 41117 - 25894. Is b composite?
True
Let i(o) = o**2 - 15*o - 30. Let q be i(17). Is (2*6/3)/(q/1766) prime?
False
Let l(k) = 1043*k**3 - 2*k**2 + 4*k - 2. Is l(1) prime?
False
Let y(u) = 126*u**2 - 4*u - 1. Let f be y(4). Suppose 3*r = x + 5965, -x + f = r - 4*x. Is r prime?
True
Let i = 17691 + -8746. Is i a composite number?
True
Suppose 23*t - 101077 - 72780 = 0. Is t a prime number?
True
Suppose 0 = 5*r - 3*z - 106536, 0*r + r = -4*z + 21321. Is r composite?
True
Suppose -9*c = -6*c + 30. Is (-5526)/(-22) - c/(-55) prime?
True
Let h be (-1795)/(-35)*1 + (-2)/7. Is (-632)/(-5) - h/(-85) composite?
False
Let b(c) = -14*c**2 - 8*c + 5. Let d be b(5). Let p = 866 + d. Is p a composite number?
True
Suppose f - 5229 = 4*b, 2*f + 2*b + 175 = 10673. Is f a prime number?
False
Is (32/(-4) + 16041)/(2 - 1) a composite number?
False
Suppose d - 2*u + 21618 = 5*d, -3*d - 5*u + 16196 = 0. Is d a prime number?
True
Let i(c) = c**2 + 7*c + 9. Let l be i(-5). Let s be (25/30)/(l/(-6)). Suppose -f = f - s*r - 47, -3*r = 4*f - 133. Is f a composite number?
False
Let l be -1 + (5 + -2 - -1). Suppose -953 = -5*s + u, s = -s + l*u + 376. Is s prime?
True
Is ((-30777)/24)/(14/(-112)) a composite number?
False
Suppose -5*w - 1422 + 3904 = -2*i, 0 = 3*i - 12. Suppose -k + w = 103. Is k composite?
True
Let g be 2/(3 - (-15)/(-6)). Suppose g*w = -2*n + 2358, -n = 2*w + 2*n - 1181. Is w composite?
True
Let v(n) = 7 - n**3 + 32*n - 25*n - 3*n**2 + 1. Is v(-6) prime?
False
Suppose 0*r - 5*u - 6751 = -3*r, 3*r - 2*u - 6763 = 0. Let b = 3511 - r. Suppose -2*p + 4*c + 718 = 0, 4*p - b = -3*c + 215. Is p a composite number?
True
Let h = -1054 + 1793. Let x = h + 112. Is x a composite number?
True
Let u(l) = l**2 + 4*l - 3. Let t be u(-6). Suppose r + 5 = -c - t, r - 2*c = -5. Let a(f) = -f**3 - 10*f**2 + f + 3. Is a(r) prime?
True
Let q = 72 + -69. Suppose q*l - 11753 = -4*l. Is l a prime number?
False
Let l = 1255 + 9846. Is l prime?
False
Suppose 5*q + 6 = 31. Suppose q*n = 2*n + 474. Is n a prime number?
False
Is 4689/(-18)*(-1 - 5) prime?
False
Let p = 7269 + 32647. Is p/44 - (6/(-11))/(-3) a composite number?
False
Let x = 21 - 7. Let p = 33 - x. Is p*(-2 + -1)/(-3) prime?
True
Let a(s) = 6*s**2 + 5*s + 1. Let o be a(4). Let p be (-2)/4 + o/2. Suppose -g + p = -21. Is g composite?
False
Suppose -25*l + 66*l = 1538935. Is l prime?
False
Let h(t) = -3*t + 0*t - 12 + t. Let l be h(-6). Suppose -b + 6*b - 935 = l. Is b a prime number?
False
Let l(b) = b**2 - 3*b + 2. Let i be l(1). Let x be 0/(3 + -1 + i). Suppose -3*q - z + 435 = -x*z, -5*q + 725 = -3*z. Is q a composite number?
True
Let o be 16*(-4 - 294/4). Let f = 36 + o. Let a = -663 - f. Is a a composite number?
False
Let p = -4 + 1. Let m(n) = -5*n**3 - n**2 + 7. Is m(p) a composite number?
True
Let k(u) = 2*u**2 - 4*u + 16. Let j be k(6). Suppose -61*g = -j*g + 29031. Is g a prime number?
True
Suppose 5*f + 69 = t, 3*t - 4*t = f + 9. Let a = 16 + f. Suppose -4*j = -w - 742, a*j = 6*w - 2*w + 563. Is j a prime number?
False
Is -7 + (4 + 3 